ate the remainder when 63 is divided by y.
31
Suppose 3*w = -9, -w = 5*g - 3*w - 26. Let k = 12 - g. Let v = -10 + 41. Calculate the remainder when v is divided by k.
7
Suppose j = -5*l - 307, -2*l - 4*j - 112 = -0*j. Let a = l + 66. Calculate the remainder when 22 is divided by a.
2
Let x(r) = 6*r + 7. What is the remainder when (-214)/(-8) + (-3)/(-48)*4 is divided by x(0)?
6
Let k = 2183 + -2084. What is the remainder when k is divided by 44?
11
What is the remainder when 148 is divided by (-23 - -2)/((-98)/28)?
4
Let d(h) = 3*h**3 - 5*h**2 + 5. What is the remainder when d(4) is divided by 3/(6/49) - 1/2?
21
Suppose c - 49 = 2*a, c + 12 = a + 61. Suppose -i = -c + 17. Suppose 105 = 5*k + 2*u - 194, -k - 5*u + 46 = 0. What is the remainder when k is divided by i?
29
Suppose -404 = -4*m + 1512. Calculate the remainder when m is divided by 40.
39
Let w(m) = -m**3 + 6*m**2 + 20*m - 55. What is the remainder when 1977 is divided by w(7)?
33
Let m(p) = 2*p**2 - 30*p + 134. Calculate the remainder when m(10) is divided by 34.
0
Let u(y) = y**3 + 4*y**2 - 8*y - 11. Let a = -69 - -64. Calculate the remainder when 13 is divided by u(a).
1
Suppose -5*n + 2*l = -1994 - 511, 973 = 2*n + 5*l. What is the remainder when n is divided by 20?
19
Suppose 3*j = 4*k - 31, -12 + 3 = j - k. Let c(p) = -p**2 - 8*p - 10. What is the remainder when 21 is divided by c(j)?
1
Suppose 5*t = b + 1540, 10*t - 6*t - 1221 = 3*b. Calculate the remainder when t is divided by 31.
30
Let k be (25 + 0)/(-15 - -16). Let p = k - 20. Calculate the remainder when 23 is divided by p.
3
Calculate the remainder when 2350/125 - (-4)/(-5) is divided by 8.
2
Suppose -w + 88 = 35. Let o be 4/26 + 49830/(-429). Let v = o - -135. What is the remainder when w is divided by v?
15
Let r be 322/6 + 2/6. What is the remainder when ((-153)/r)/(-17) - 611/(-6) is divided by 52?
50
Let n(c) = -2*c**3 - 10*c**2 - 10*c - 8. Let f = -6 + 38. Calculate the remainder when n(-6) is divided by f.
28
What is the remainder when 56 is divided by (22/(-6))/11*-57?
18
Let p(c) = 30*c - 177. Calculate the remainder when p(38) is divided by 23.
20
Let w(y) = 7*y**2 + y + 4. Let h(x) = 4*x**2 + x + 2. Let m(l) = -10*h(l) + 6*w(l). Let v = 1234 + -1197. Calculate the remainder when v is divided by m(4).
17
Let n = -2 - -7. Suppose n*j + i - 6*i - 25 = 0, -43 = -5*j - i. Suppose 472 = -10*q + 732. What is the remainder when q is divided by j?
2
Let o(x) = -x + 11. Let b be o(7). Suppose -b*v + 219 = 51. What is the remainder when v is divided by 9/(-27) - (-92)/6?
12
Let m be (-2 + 4)/(-8)*-16. Suppose -m*x + 30 = -6. Calculate the remainder when 14 is divided by x.
5
Let u(p) = -p + 6. Let v be u(2). Suppose 5*t + 3*b - 93 = 0, -4*t = -5*t - v*b + 22. What is the remainder when t/((-1)/(1 - 3)) is divided by 13?
10
Suppose 5*t + 20 = 0, 3*p + 3*t - 6 = 18. What is the remainder when 55 is divided by p?
7
Let w be (60/(-25))/((-6)/20). Suppose 4*i = u - w, -4*i - 13 = -3*u + 3. Calculate the remainder when 40 is divided by i*(-5)/(5/14).
12
Let i(m) be the third derivative of m**6/120 - m**5/60 + 19*m**3/3 + 5*m**2. Calculate the remainder when i(0) is divided by 13*-2*2/(-4).
12
Let d = -194 + 199. Calculate the remainder when 43 is divided by d.
3
Let x = 8 + 3. Calculate the remainder when (-4)/22 - (-1245)/x is divided by 23.
21
Let c(s) = 4*s**2 - 2*s - 4. Let a be c(3). Let k = -12 + a. Suppose -5*h = 4*n - 70, 0 = -h - 2*n + 5*n + k. What is the remainder when 55 is divided by h?
13
Let i be 4/(-16) - (-50)/8. Let t = -2 + i. What is the remainder when (20/50)/(12/(-10))*-39 is divided by t?
1
Suppose -12*x = -13*x - 4, -5*x - 159 = -g. What is the remainder when g is divided by 73?
66
What is the remainder when (11 + (-1988)/35)*-10 is divided by 30?
8
Let f be 4 + (-92)/22 - (-519)/11. Suppose -f*n + 171 = -38*n. Calculate the remainder when 54 is divided by n.
16
What is the remainder when 269 is divided by 0 - -4*5 - (-50)/(-10)?
14
Let z(l) = -l**3 - 11*l**2 - 12*l - 12. Let k be -6 - 1 - (-7 + 2 + 8). Calculate the remainder when 13 is divided by z(k).
5
Suppose -70 = -3*f + 17. What is the remainder when f is divided by 0 + (8 - 6 - (0 - 9))?
7
Suppose -2*s - 3*l + 13 = 0, -4*s - 4*l = -3*s - 9. Suppose -5*h + 25 = -s. Suppose h*d - 267 = -21. Calculate the remainder when d is divided by 15.
11
Suppose -14*a + 9*a + 90 = 0. Calculate the remainder when 48 is divided by a.
12
Suppose -91 = -m + 3*u, u + 0 = -3. Suppose -3*a - 19 = -m. What is the remainder when a is divided by 8?
5
Let y be ((-15)/12)/(5/(-20)). Suppose -y*h + 20 = -h. Suppose -4*j = 2*v - 18 - 32, -4*j = 4*v - 44. What is the remainder when j is divided by h?
4
Suppose 2 + 8 = 2*h, 3*t - 3*h - 228 = 0. Calculate the remainder when t is divided by 12.
9
Suppose -17*z + 548 = -12*z - l, 0 = -5*z + 2*l + 551. What is the remainder when z is divided by 8?
5
Let u(g) = g**2 - 2*g - 10. Let r be u(-12). Let y be (r/(-8))/(6/24). Let j = y + 133. Calculate the remainder when j is divided by 19.
16
Suppose 67*c = 69*c - 16. Calculate the remainder when (-4 + 4 + 14)*2 is divided by c.
4
What is the remainder when 87 is divided by 2/(-5) + (-2912)/(-130)?
21
Let f(w) = 2*w**2 - 2 + 4*w - 4 + 3 - 3*w. Let n = 20 - 23. Calculate the remainder when 33 is divided by f(n).
9
What is the remainder when 839 is divided by 21/14*980/21?
69
Let u(x) = -x**3 - 3*x**2 - x - 3. Let j be u(-3). Suppose j = -3*c - 8 + 17. Calculate the remainder when 3 is divided by 7/c - (-7)/(-21).
1
Calculate the remainder when 44 is divided by 2*1/6*432/18.
4
Let u be (0 + 0)/(2/(-2)). Suppose -3*w + 13 + 8 = u. Let j = -12 + 17. Calculate the remainder when w is divided by j.
2
Suppose 2*l = -l + 384. Suppose -3*s - 1273 = -1312. What is the remainder when l is divided by s?
11
Suppose -3 = -5*o + 7. Let b be 13/o*4/2. Suppose b = d - 0. Calculate the remainder when 51 is divided by d.
12
Suppose -2*u + 5*t - 25 = 3*u, -15 = 2*u - 3*t. Suppose -3*y + y + 16 = u. What is the remainder when 27 is divided by y?
3
Let d = 2787 + -2645. What is the remainder when d is divided by 80?
62
Suppose -5*d + d - s + 155 = 0, 3*d + 2*s = 120. Calculate the remainder when 66 is divided by d.
28
Let u = -3 - -6. Suppose 0 = 2*l - u*l + 546. What is the remainder when 75 is divided by ((-4)/6)/((-28)/l)?
10
Let v = -187 - -233. What is the remainder when 132 is divided by v?
40
Let q(p) = 11*p**3 + 2*p**2 - 3*p + 2. Let f be q(1). Let s(r) = r**3 - 13*r**2 + 14*r - 19. Calculate the remainder when s(f) is divided by 3.
2
Suppose -2*q - 2*q - 2*j = -56, 4*j = 3*q - 31. Let u = 780 + -773. What is the remainder when q is divided by u?
6
Let r(m) = 4*m - 1. Let d(s) = 9*s - 3. Let l(h) = 4*d(h) - 10*r(h). Calculate the remainder when 504/27 + (-2)/(-6) is divided by l(-3).
9
Let b be (-1)/(2 + 95/(-45)). Let m(i) = i - 6. What is the remainder when 4 is divided by m(b)?
1
Let m(r) be the first derivative of -7*r - r**3 - 1/2*r**2 + 1/4*r**4 + 7. Calculate the remainder when m(4) is divided by 2.
1
Let f(x) = 4*x**2 - 3*x - 1. Calculate the remainder when 407 is divided by f(4).
50
Let t(z) = -z**3 + 3 - 59*z**2 + 3*z**3 - 5 - 17*z + 53*z**2. Calculate the remainder when t(6) is divided by 38.
36
Calculate the remainder when 0 - (-492 + (-11 - -7)) is divided by 100.
96
Suppose 8*d = 5*d + 9. Suppose -d*l + 9 = -2*l. Calculate the remainder when 32 is divided by l.
5
Suppose -19*p + 24*p + 50 = 0. Suppose 0 = 2*o - 6*o + 3*l + 33, -34 = -4*o + 2*l. What is the remainder when o is divided by (-20)/(-6)*(-18)/p?
3
Let u be (-22)/(-55) + (-24)/10. Let o be (u/6)/(2/12). Calculate the remainder when 30 is divided by o - (-2 + 3 + -14).
8
Let d(k) = -k**2 - 17*k - 1. What is the remainder when 460 is divided by d(-15)?
25
Suppose 18*r = 13*r + 40. Let q = -32 - -54. Calculate the remainder when q is divided by r.
6
Let p(a) = 9*a + 137. Calculate the remainder when 150 is divided by p(-11).
36
Suppose j + 124 = 4*k, 2*k + 6 = -4*j + 86. What is the remainder when 17 is divided by 2/3 - k/(-6)?
5
Let b be (-166)/(-5) + (-3)/15. Let a = 49 - b. Calculate the remainder when 78 is divided by a.
14
Let z be (-349)/(-5) - (-5)/25. Let c = -45 + z. What is the remainder when ((-49)/2)/(1/(-4)) is 